ermine o(c).
5
Let l(y) = 12*y - 22. Let c be l(2). Let b(g) be the third derivative of 0*g**3 - 1/120*g**6 + 0 - 1/8*g**4 + 1/20*g**5 - 17*g**2 + 0*g. Calculate b(c).
-2
Let j(t) = -6 + 2*t**2 + 416*t + 417*t - 847*t. What is j(10)?
54
Let w(a) = -8*a**2 - 4*a + 3. Let c(k) = -5*k**2 + 14*k**2 - 4 + 4*k + k. Let n(g) = -31*g - 221. Let b be n(-7). Let m(d) = b*w(d) - 3*c(d). Determine m(1).
6
Let f(n) = 347*n + 1 - 8 - 8 + 1 - 351*n. Give f(7).
-42
Suppose -478*a = -519*a + 82. Let c(h) be the first derivative of h**4/2 - 2*h**3/3 - h**2 + 2. Calculate c(a).
4
Let u be 820/12 + 4/6. Let x = u - 67. Let f(c) = 213 - 2*c + 0*c**3 + c**x - 2*c**3 - 216. Calculate f(-2).
21
Let d(g) = -g**3 - 4*g**2 + 2*g + 5. Suppose 3*f = -2*p + 191 + 947, 0 = -p + f + 574. Let w be (-4)/(-26) - 2376/p. Give d(w).
-3
Let x be (160/64)/(2/(-4)). Let r(a) = -a**3 + 3*a**2 - 7*a - 2. Let j(s) = -s**3 + 5*s**2 - 8*s - 2. Let b(p) = 5*j(p) - 6*r(p). Determine b(x).
42
Let x(p) = -p**3 - 17*p**2 - 15*p - 15. Suppose 2192 = -95*u + 26*u - 68*u. Determine x(u).
-31
Let y(v) = -18 + 19 - 2*v**2 + 10 + 5 + 3 + 11*v. Determine y(8).
-21
Let q = -5251 - -5252. Let x(g) = 17*g**3 - 2*g**2 + g + 1. Determine x(q).
17
Let d(o) = -8*o**2 + 2869*o**3 + 5*o - 2 + 7*o**2 - 2870*o**3. Calculate d(3).
-23
Let d(l) = -3*l**2 + l + 321. Let r(k) = 3*k**2 - 2*k - 285. Let a(j) = -8*d(j) - 9*r(j). What is a(0)?
-3
Let d(a) be the third derivative of -a**6/120 + 3*a**5/10 - 19*a**3/6 - 3*a**2 + 205*a. What is d(18)?
-19
Suppose -4*a + 13*a - 36 = 0. Suppose a*v = 5*q - 0*v - 18, -4*q + 5*v = -18. Let t(d) = -404*d - q + 405*d + 7. Determine t(-5).
0
Let d(h) = 17*h**2 + 6*h - 29. Let j(f) = 33*f**2 + 12*f - 49. Let r(c) = 5*d(c) - 3*j(c). What is r(1)?
-18
Let d(c) = -2*c**3 + 55*c**2 - 26*c - 31. Let j be 5 + 14 + ((50/5)/(-10) - -9). Determine d(j).
-4
Let q(p) = 11*p**2 - 27*p - 20. Let m(z) = 27*z**2 - 53*z - 44. Let y(x) = -2*m(x) + 5*q(x). What is y(29)?
-12
Let f(g) = -9*g - 12*g - 12*g + 38*g - g**2 - 4*g. Suppose -5*q = 4 + 11. What is f(q)?
-12
Let z be 3/3 - (-5 - 1 - -5). Let g(d) = -4 - 5*d + 6 + 4 - z + 5. Give g(2).
-1
Let y(x) = 10 + 176*x + 1 + 179*x - 535*x + 181*x. Determine y(-22).
-11
Let h(o) = o**3 - 4*o**2 - 4*o - 6. Let u(l) = 12*l - 11. Let v be u(2). Suppose v*k + 2 = 15. Let q(p) = p**2 + 1. Let y(x) = k*h(x) + 6*q(x). Calculate y(-3).
3
Let g(a) = 13*a**3 + 31*a**2 + 33*a + 69. Let v(c) = -37*c**3 - 92*c**2 - 98*c - 207. Let w(t) = -17*g(t) - 6*v(t). Calculate w(-24).
-3
Let c = -321 - -325. Let n(i) = -2 + 5*i - 444*i**2 + 443*i**2 - 3*i. Calculate n(c).
-10
Let d = 134 + -129. Let t(o) = o**3 + 11*o**2 - 11. Let f(m) = -m**3 - 12*m**2 + 13. Let h(j) = d*f(j) + 6*t(j). What is h(-4)?
31
Let y(k) = 337*k + 88*k**2 - 180*k - 89*k**2 - 13 - 168*k. Give y(-8).
11
Let m(k) = 2*k + 11. Let g = 339 + -334. Suppose -65 = g*y - 40. Determine m(y).
1
Let o(h) = 7*h**3 - h**2. Let t be (-12)/(-8)*80/12. Suppose l = -i + t, 2 = i - 3. Suppose 2*p - 3 = l*z, z = 6*z + 4*p - 21. Give o(z).
6
Let h(b) be the third derivative of -b**6/120 - b**5/10 - b**4/12 + b**3/2 - 82*b**2. Let j(v) = v - 12. Let d be j(6). Give h(d).
15
Let x(b) = -88 + 138 + 92 + 116 + 38*b + b**2. Let t be x(-9). Let o(h) = h**3 + 3*h**2 - 4*h - 2. Calculate o(t).
10
Let v(c) = 4*c + 51*c + 44*c - 119*c + 101. Determine v(6).
-19
Let f(x) = -3015*x**3 + 5*x - 2996*x**3 + 1 - 7*x**2 + 3*x + 6010*x**3. Let c = 13 + -8. Suppose -6*t = -c*t + 8. Give f(t).
1
Let b(m) = 4*m**2 - 2*m**2 + 3*m + 3*m + 1 + 1. Let z = 391 + -395. What is b(z)?
10
Let s(n) = -211 - 204 + 615 - 206 - 2*n. What is s(-4)?
2
Suppose 3*f + 5*d - 31 = 0, 10*f - 14*f + d = -3. Let a(g) = 7*g - 3. Give a(f).
11
Let r be 1*(2 - -2 - 1). Let j(n) be the second derivative of -1/20*n**5 + 1/3*n**4 - 6*n - 1/6*n**3 + 2 + 1/2*n**2. What is j(r)?
7
Suppose 4*q - 3*q = 3*l + 125, -9 = 3*l. Let c(u) = -3*u - 119 + q - 2*u. Determine c(-6).
27
Let n be (-1)/(-1 - 2/(-3)). Let l be (-5 - -8) + (n - -5). Let k be l*(4 + -4 + -1). Let j(p) = p**2 + 10*p - 4. Determine j(k).
7
Suppose -j + m = 4*m - 146, -287 = -2*j - 5*m. Let d(y) = -234*y - 15*y**2 + y**3 + 118*y + j*y - 17. Give d(14).
-3
Let i(d) = 6*d + 8. Let j be i(2). Let x be 0/((j + -22)*1/2). Let m(c) = c**2 - 5*c - 7. Let p(q) = q**2 - 6*q - 8. Let l(o) = -5*m(o) + 4*p(o). Give l(x).
3
Let m be 1*(5 - 1 - 3). Let j(s) = -3 + 0 + 0*s + 3*s - m. Determine j(-4).
-16
Let n(x) = 9*x + 105. Suppose 3*b + 7*p - 9*p + 32 = 0, 12 = -6*p. Give n(b).
-3
Let s be (-4 + -2)/(-2) - (-7)/(-7). Let a(n) = n**2 - s*n**2 - 20 + 4*n + 25. Let p(k) = -2*k**3 - 9*k**2 + 14*k - 19. Let x be p(-6). Calculate a(x).
0
Let n(o) be the second derivative of -o**4/3 - 8*o - 2. Let h(d) = -3*d**2. Let q(w) = 5*h(w) - 4*n(w). Determine q(5).
25
Let m(z) be the first derivative of -z**4/4 - 10*z**3/3 - 4*z**2 + 8*z + 655. Suppose -2*x - 4*b - 18 = 0, 0*x = x - 2*b + 9. What is m(x)?
-1
Let x(d) = d**2 - 12*d + 26. Let h(q) = 7*q**3 + 64*q**2 + 9*q + 4. Let t be h(-9). Calculate x(t).
-6
Suppose 0*o - 4960 = -5*o. Suppose -989*z + o*z - 42 = 0. Let w(q) = q - 4. Determine w(z).
10
Let p(n) = -19*n + 128. Let s(u) = 54*u - 369. Let c(h) = 23*p(h) + 8*s(h). Let t = 4 - 6. Give c(t).
2
Let z(g) be the third derivative of -7*g**5/60 - g**4/24 + 5*g**3/6 - 141*g**2. Let x(a) = -4*a**2 - a + 3. Let m(d) = -5*x(d) + 3*z(d). Calculate m(2).
0
Let l(d) = -d**3 + 39*d**2 - 38*d + 7. Let p = 19057 + -19019. What is l(p)?
7
Let b(p) = -p**3 + 3*p**2 + 2*p - 8. Suppose 0 = -127*j + 231 + 277. Give b(j).
-16
Let m(c) = -9*c + 34. Let v(j) = -5*j + 18. Let g(w) = -4*m(w) + 7*v(w). Let k(o) = 4*o**2 - 2*o - 6. Let n be k(-2). What is g(n)?
4
Let i(n) = -2 + 4*n - n**2 - n - 12*n**2. Suppose 0 = -5*q - 5, 5*j + 137 - 146 = -q. Determine i(j).
-48
Suppose -2*z = -2*x + x + 3, z = 3*x - 9. Let g(a) = a**2 - 2*a - 1. Let m be g(-1). Let i(p) = 2*p**m - 6*p**2 + 10*p**2 + 1 - 5*p**2. What is i(x)?
10
Let c(w) = w - 6. Let a(i) = i - 6. Let t(u) = -6*a(u) + 7*c(u). Suppose 4*y = 3*y + 4. Suppose q + 7*x = 5*x + 13, 2*x - y = 0. Calculate t(q).
3
Let g(i) = 11*i**3 + 38*i**2 + 4*i - 205. Let r(u) = -37*u**3 - 127*u**2 - 13*u + 689. Let t(c) = -27*g(c) - 8*r(c). Determine t(-10).
63
Let z(n) be the third derivative of n**6/120 + n**5/15 + n**4/24 + 5*n**3/6 - n**2. Let g be (-83)/16 - 582/(-3104). What is z(g)?
-25
Let l(c) be the first derivative of -c - 3/2*c**2 - 18. Give l(-5).
14
Let w(s) = s**3 + 6*s**2 + 3*s + 7. Let k be (1 - -5)*(-12)/(-72)*1. Let c = k + -7. Give w(c).
-11
Let r(w) be the third derivative of -w**4/24 - w**3/2 - 999*w**2. What is r(-6)?
3
Suppose -5*r + 4*d = -7, -2*d = -4*r + 31 - 23. Let f(z) = 43*z**2 - 4 + 32*z**2 - 78*z**2 - z**r + 3*z. Determine f(-3).
-13
Let r(o) be the third derivative of -17*o**6/120 + o**5/60 - o**4/12 - o**3/3 + 1957*o**2. Give r(-1).
18
Let g(n) be the first derivative of n**7/840 - n**6/60 - n**4/6 - 4*n**3 - 3*n - 54. Let y(v) be the third derivative of g(v). What is y(6)?
-4
Let o(n) = 2*n - 22. Let y(j) = 2*j**3 + 12*j**2 - 9*j - 40. Let u be y(-6). Calculate o(u).
6
Let m = -49 - -56. Let f(n) = n**3 - 9*n**2 + 9*n + 8. What is f(m)?
-27
Let f(q) = q**3 - 8*q**2 - 21*q + 16. Let r be f(10). Let x(b) = b + 18. Let d(g) = g + 21. Let n(z) = r*x(z) - 5*d(z). Give n(-13).
-10
Let i = 3332 + -3336. Let l(y) = y**3 + 5*y**2 + 6*y + 5. Give l(i).
-3
Let i(j) be the second derivative of -5*j**3/2 + 69*j**2/2 - 29*j - 14. What is i(6)?
-21
Let l = 92 + -180. Let f = -85 - l. Let c(a) = 4*a**2 - f*a**2 + 0 - 2*a**3 - 3 + 2 + a. Determine c(2).
-11
Let u(q) = q**3 + 8*q**2 + q - 6. Let x be u(-7). Let j = x + -36. Let f be ((-2)/(-2) - j)*7. Let w(a) = a**2 - 8*a - 2. Determine w(f).
-9
Let h(c) = c - 14. Let z be h(24). Let p(r) = r**3 - 9*r**2 - 13*r + 29. Calculate p(z).
-1
Let j(y) = y**3 + 37*y**2 + 3*y + 116. Let z = -1667 - -1630. What is j(z)?
5
Let w(l) = 225*l + 222. Let i = -6548 + 6547. Determine w(i).
-3
Let t(x) = 2*x + 14. Suppose -3839 + 19246 = -31*a. Let l = a - -483. Calculate t(l).
-14
Let k be (10/30)/((-12)/324). Let v(o) = o**3 + 9*o**2 + 3*o + 30. Give v(k).
3
Let t be 12/(-4) - ((-420)/(-15) + 0). Let q(p) = 4*p**2 + 125*p + 20. Calculate q(t).
-11
Let w(b) = -b